e
Does 16 divide 289680004?
False
Is 1565252361 a multiple of 295?
False
Is 80 a factor of 1014502058?
False
Is 215 a factor of 6486653?
False
Is 29 a factor of 57687148?
True
Is 80152902 a multiple of 3294?
True
Does 512 divide 15926438?
False
Does 11 divide 968618643?
False
Does 16 divide 26726896?
True
Is 77 a factor of 838379742?
False
Is 88584313 a multiple of 2?
False
Is 128 a factor of 405558141?
False
Is 54 a factor of 269152?
False
Is 33377128 a multiple of 46?
False
Is 335489607 a multiple of 9?
True
Is 17 a factor of 201283395?
False
Is 24 a factor of 80613864?
True
Is 129 a factor of 378341907?
True
Is 292 a factor of 19623276?
True
Is 71 a factor of 1955198?
True
Is 258555 a multiple of 16?
False
Is 258402774 a multiple of 2338?
True
Is 129 a factor of 9847499?
False
Is 3 a factor of 9650451?
True
Is 343224979 a multiple of 275?
False
Is 143697093 a multiple of 111?
False
Does 45 divide 89842770?
True
Is 6578 a factor of 468577252?
True
Is 30 a factor of 12518970?
True
Is 738 a factor of 30291606?
False
Is 14 a factor of 4695562470?
False
Is 2222 a factor of 797958025?
False
Is 1054704174 a multiple of 1655?
False
Does 22 divide 2918799?
False
Does 882 divide 3702321181?
False
Does 43 divide 1148849275?
True
Is 316481784 a multiple of 635?
False
Does 14 divide 332184146?
True
Is 7238 a factor of 479154177?
False
Is 1866 a factor of 59294016?
True
Is 802774776 a multiple of 4?
True
Is 19 a factor of 447381448?
True
Is 161078980 a multiple of 61?
False
Is 86 a factor of 60390318?
True
Is 4 a factor of 1538755?
False
Is 288249902 a multiple of 257?
False
Is 1134 a factor of 25658204?
False
Is 69811440 a multiple of 1104?
True
Is 1152 a factor of 662715648?
True
Is 159625642 a multiple of 49?
False
Is 247792789 a multiple of 1762?
False
Is 293 a factor of 649565085?
False
Is 303 a factor of 13420779?
True
Is 62 a factor of 53875396?
True
Does 18 divide 820793088?
True
Is 408145993 a multiple of 193?
False
Is 215536268 a multiple of 67?
False
Does 1412 divide 5835796?
True
Is 57 a factor of 18288849?
True
Is 1281998519 a multiple of 1929?
False
Does 79 divide 256130105?
False
Is 604192472 a multiple of 8?
True
Is 55248886 a multiple of 278?
True
Is 118 a factor of 54856581?
False
Does 20 divide 56285050?
False
Does 788 divide 1024596212?
True
Is 2599 a factor of 6256806610?
True
Is 85960869 a multiple of 565?
False
Does 257 divide 13689876?
True
Does 372 divide 2794092?
True
Does 201 divide 38398638?
True
Is 16 a factor of 3205118917?
False
Is 41 a factor of 4282573?
True
Does 39 divide 76338838?
False
Is 61 a factor of 55951152?
True
Does 20 divide 1070249560?
True
Is 36526200 a multiple of 1020?
True
Does 201 divide 23267007?
False
Is 107 a factor of 1524154010?
True
Does 251 divide 361192981?
False
Is 471 a factor of 339395165?
False
Does 871 divide 3952520?
False
Does 81 divide 491127138?
True
Does 180 divide 813414194?
False
Is 18 a factor of 1214020134?
True
Does 500 divide 45108582?
False
Is 521752266 a multiple of 9?
True
Is 22899536 a multiple of 38?
False
Does 12 divide 110605944?
True
Is 2119 a factor of 19545656?
True
Is 1229654 a multiple of 207?
False
Does 2 divide 1636244?
True
Is 8 a factor of 13951193?
False
Is 1752 a factor of 235608088?
False
Is 3 a factor of 17072721?
True
Is 189890792 a multiple of 767?
True
Is 56 a factor of 20091960?
True
Is 54 a factor of 109061046?
True
Is 927707768 a multiple of 8?
True
Does 1039 divide 71322155?
True
Is 13 a factor of 11461594?
False
Is 606 a factor of 1579644200?
False
Does 19 divide 555967265?
True
Is 334942760 a multiple of 652?
False
Is 115214100 a multiple of 5945?
True
Is 455 a factor of 172921840?
True
Does 3292 divide 169381095?
False
Does 12 divide 72441925?
False
Is 2541 a factor of 931571058?
False
Is 526 a factor of 323862449?
False
Is 31295237 a multiple of 151?
False
Does 1846 divide 105817331?
False
Is 328647347 a multiple of 26?
False
Is 259679271 even?
False
Does 22 divide 87899240?
True
Is 3 a factor of 92113137?
True
Does 26 divide 344745663?
False
Does 16 divide 1202852192?
True
Does 144 divide 1281375360?
True
Is 7 a factor of 103916103?
False
Does 576 divide 1870463808?
True
Does 37 divide 192935760?
True
Is 12 a factor of 4281343404?
True
Is 109 a factor of 8742679?
False
Is 208 a factor of 16579510?
False
Is 7 a factor of 9322357?
False
Is 58 a factor of 145841638?
True
Is 3020 a factor of 97831116?
False
Is 60388785 a multiple of 539?
False
Is 15 a factor of 983440770?
True
Is 23 a factor of 125649757?
False
Is 11461545 a multiple of 5?
True
Is 67 a factor of 26126985?
True
Does 37 divide 26836692?
True
Is 3392498 a multiple of 7?
False
Is 2 a factor of 58146726?
True
Is 1820091308 a multiple of 1607?
False
Is 152 a factor of 163027144?
True
Is 24363478 a multiple of 18?
False
Is 4 a factor of 66384204?
True
Does 1055 divide 9643992?
False
Is 90844124 a multiple of 68?
True
Does 110 divide 118416540?
True
Is 501 a factor of 85467729?
False
Does 4782 divide 3851260820?
False
Is 48 a factor of 2213045534?
False
Is 27 a factor of 17475869?
False
Does 10 divide 2461006077?
False
Is 10 a factor of 172134410?
True
Is 998 a factor of 33915168?
False
Is 367922230 a multiple of 23?
False
Is 5663 a factor of 71042335?
True
Is 27 a factor of 72207712?
False
Does 14 divide 33099234?
True
Does 441 divide 14084783?
False
Is 12 a factor of 11016688?
False
Does 592 divide 1206484160?
True
Is 1447544905 a multiple of 115?
True
Is 29 a factor of 23672368?
False
Does 965 divide 91237218?
False
Is 514252791 a multiple of 4797?
True
Is 24 a factor of 655629696?
True
Does 9 divide 1851669769?
False
Is 445 a factor of 25283659?
False
Does 3621 divide 69789037?
False
Is 77517120 a multiple of 192?
True
Is 201 a factor of 50877924?
True
Is 105646960 a multiple of 12?
False
Is 973 a factor of 9019710?
True
Does 60 divide 107531713?
False
Is 1625211072 a multiple of 72?
True
Does 23 divide 25891723?
False
Is 44070712 a multiple of 4549?
True
Does 10 divide 16802459?
False
Is 4576 a factor of 789986912?
True
Is 411 a factor of 549918?
True
Is 12 a factor of 1223538000?
True
Is 9346886 a multiple of 41?
False
Does 115 divide 57264480?
True
Is 606519770 a multiple of 146?
True
Is 27553988 a multiple of 154?
True
Is 15616064 a multiple of 272?
True
Is 222859121 a multiple of 5331?
False
Is 6588321 a multiple of 61?
False
Does 1344 divide 2882880?
True
Does 8 divide 222396080?
True
Is 28522078 a multiple of 19?
True
Does 330 divide 321503820?
True
Does 5 divide 208915425?
True
Is 23977387 a multiple of 4?
False
Does 6 divide 2543581?
False
Does 3077 divide 1332587160?
True
Is 62 a factor of 77578302?
False
Is 109 a factor of 379650178?
False
Does 19 divide 171897944?
False
Does 19 divide 337948554?
True
Is 536 a factor of 79636736?
True
Is 40 a factor of 3020692992?
False
Is 98141960 a multiple of 35?
True
Does 55 divide 99034607?
False
Does 11 divide 4281210682?
False
Is 399449231 a multiple of 58?
False
Is 2046 a factor of 29562654?
True
Is 76494539 a multiple of 336?
False
Is 3 a factor of 27567920?
False
Is 1228 a factor of 61398772?
True
Is 39 a factor of 43084002?
True
Is 118851860 a multiple of 4?
True
Does 4 divide 667618480?
True
Does 33 divide 252406715?
False
Does 687 divide 4370897?
False
Does 442 divide 109660642?
True
Is 75 a factor of 2436450?
True
Is 622992527 a multiple of 245?
False
Is 57038058 a multiple of 462?
True
Is 8 a factor of 11929088?
True
Does 27 divide 16610076?
True
Is 40502230 a multiple of 2800?
False
Is 55 a factor of 2401036550?
True
Is 55283 a multiple of 50?
False
Is 23224560 a multiple of 523?
False
Does 3 divide 477365278?
False
Is 178597200 a multiple of 40?
True
Does 312 divide 334638860?
False
Does 3 divide 76306441?
False
Is 113178335 a multiple of 2319?
False
Is 454734865 a multiple of 727?
True
Does 2398 divide 1830119059?
False
Is 72 a factor of 75974328?
True
Does 72 divide 347753232?
True
Is 131746735 a multiple of 41?
True
Does 9 divide 533015164?
False
Is 16 a factor of 140012320?
True
Does 23 divide 1292715?
True
Does 61 divide 34502524?
False
Does 18 divide 344530600?
False
Is 2176940 a multiple of 1780?
True
Does 2018 divide 1114320592?
False
Is 41 a factor of 135051581?
True
Is 735 a factor of 655264995?
True
Does 9160 divid